 + 12. What is q(g)?
44
Suppose 3*n + 3*t = 5*t - 5, 3*t = 5*n + 8. Let w(p) = -p**3 + 2*p**2 - 12*p - 13. Determine w(n).
2
Let c(s) = -s**3 + 6*s**2 - 11*s + 12. Suppose 5*j - 18*i = -19*i + 24, 3*j - 28 = -4*i. Give c(j).
0
Let o(k) = k - 6. Let m(s) = s**2 - 13*s - 11. Let u be m(14). Let p(f) = -3 + 2 - 4*f - 2*f**2 + 4*f**2. Let r be p(u). Give o(r).
-1
Suppose 228*k = -3706 + 970. Let z(r) = 2*r + 60. What is z(k)?
36
Suppose 8*g - 1241 = -1137. Let l(o) = o**3 - 11*o**2 - 16*o - 9. Give l(g).
121
Let i(h) = -h**3 + 3*h**2 + 4*h + 3. Let u(b) = -4*b - 4. Let j be u(-12). Suppose 32 = -36*g + j*g. Calculate i(g).
3
Let h = -9 + 16. Suppose 0 = 7*p - 0 - h. Let u(y) = 6*y - 10*y + 3*y + p + 2*y. Give u(5).
6
Let l(w) = -w**2 - 2*w + 2. Let b be 3/(-24) - 56/64. Let d be l(b). Let x(n) = n**2 - 4*n - 1. Let g be x(d). Let q(v) = 4*v + 5. Give q(g).
-11
Let u = -8482 + 8473. Let i(x) = -x**3 - 12*x**2 - 19*x + 69. Give i(u).
-3
Let r(n) = -98 - 121 + 215 + n. Let w = -20 + 25. What is r(w)?
1
Let d(o) = o**2 - 16*o + 7. Let x(j) = 3*j**2 - 46*j + 21. Let b(t) = 17*d(t) - 6*x(t). Let n = 4 - -1. Give b(n).
-12
Suppose 4*a = -5*x + 438, -4*a + 2*x - 111 = -535. Suppose -a*b + 14 = -114*b. Let k(y) = -6*y**2 + y - 1. Give k(b).
-27
Let n(p) = -8*p**3 + 29*p**2 + 52*p + 6. Let t(m) = 3*m**3 - 14*m**2 - 25*m - 3. Let c(z) = 2*n(z) + 5*t(z). Determine c(-10).
7
Let x be (-35)/((-350)/(-240))*(-2 - 0)/6. Let r(b) = b**2 - 5*b - 9. Calculate r(x).
15
Let w(i) be the second derivative of i**4/12 + 13*i**3/6 - 5*i**2 - 3586*i. Give w(-14).
4
Let a(n) = -17*n + 1. Let d = -7 - -13. Suppose 10*c - 13*c + d = 0. Suppose -2*l - 5*g - 17 = 0, c*l + g + 14 = -3*g. Determine a(l).
18
Let g(l) = 11*l - 78. Let o(k) = k - 10. Let h(z) = g(z) - 6*o(z). Determine h(4).
2
Let i(d) be the third derivative of -d**5/60 - d**4/8 + 2*d**3 + 1321*d**2. Calculate i(-5).
2
Let a(o) = -4*o**2 - 7*o - 8. Let j(y) = -y**2 - 5*y + 147. Let r be j(-15). Calculate a(r).
-23
Let d be 400/18 + (-18)/81. Let f be 1400/(-154) + 2/d. Let u(h) = -h**2 - 13*h - 29. What is u(f)?
7
Let i = -100 - -106. Let r(s) = s**3 - 4*s**2 - 13*s + 8. Let p be r(i). Let u(x) = 2*x - 2. What is u(p)?
2
Let j = 2308/5 + -9231/20. Let t(x) be the third derivative of j*x**5 - 1/6*x**3 + 0*x + 12*x**2 + 0*x**4 + 0. Determine t(2).
11
Let c(s) = s. Let j(t) = -6*t + 21. Let g(m) = -3*c(m) - j(m). Give g(-19).
-78
Let o(s) be the third derivative of -s**7/105 + s**5/120 + 13*s**4/12 - 11*s**2. Let u(t) be the second derivative of o(t). Let l = -4 + 5. Give u(l).
-23
Suppose 5*g - 15 = -75. Let l(w) = w + 0*w + 23 - 54 + 21 + 16. What is l(g)?
-6
Let q(t) be the third derivative of t**6/720 - 5*t**4/6 - 7*t**2. Let m(c) be the second derivative of q(c). Suppose 0 = a + 40 - 47. What is m(a)?
7
Let k(g) = -5 - 90*g + 0 + 10*g + 62*g. Give k(3).
-59
Let k(m) = -13*m + 57. Let u be 2 - (5 + 5 + -15 - -3). Calculate k(u).
5
Suppose 3*t + 10 - 22 = p, -4*p + 4*t = 16. Suppose 17 = r - f + 9, p = 4*r - 3*f - 30. Let z(b) = b. Calculate z(r).
6
Let u(p) = -5*p - 124. Let s be u(-37). Let v(y) = 24 + 21 - 8*y + 21 - 2*y**2 - s. What is v(-7)?
-37
Suppose 0 = n + 4*y - 9, -5*n + 16*y - 19*y - 23 = 0. Let g(h) be the second derivative of h**3/6 + 2*h. Determine g(n).
-7
Let g(i) = i**2 + 153*i - 2511. Let x be g(15). Let f(s) = 2*s - 4. Give f(x).
14
Let t(i) = -i**2 - 4*i + 2. Let v(p) = 9*p + 14. Let q(w) = -2*t(w) - v(w). Give q(-6).
60
Let u = 86 + -84. Suppose -1 = u*f - 13. Let a(x) = 29 - 64 + 39 - 4*x. Determine a(f).
-20
Let q be (2 + 0)/((126/(-45))/(-7)). Let v(z) = -1602 - q*z - 1601 + 3238. Calculate v(8).
-5
Let y(t) = t**3 - 9*t**2 + 14*t + 8. Suppose -5*r + 47 = -3*q, 4*q + 22 = r - 1. Suppose -93 + 142 = r*z. Give y(z).
8
Let d = 190 + -142. Let k = d - 38. Let l(s) = s**3 - 10*s**2 - 5. Give l(k).
-5
Suppose 2*p + 3*g + 206 - 1175 = 0, 0 = g + 5. Suppose -2*w + p = 4*i, 4*i - 698 + 186 = 3*w. Let b(j) = 129 - i - j - 2*j. Calculate b(3).
-5
Let q(s) = -157*s**2 - 942*s + 9. Let a be q(-6). Let l(t) = 9*t - 93. Calculate l(a).
-12
Let c(q) = -q**2 - 8*q + 14. Let j be c(-9). Suppose -4*a + 44 = -2*w - 50, 5*w = -j. Let k(f) = -7 + 57*f - 19*f + f**2 - a*f - 20*f. What is k(6)?
-1
Let n = -3353 + 3371. Let x(s) = -s**3 + 19*s**2 - 16*s - 23. Determine x(n).
13
Let c(a) = 3*a**2 + a - 2. Suppose 44*m = 14*m + 1260. Let q = 42 - m. Calculate c(q).
-2
Let k(i) = 46*i**2 + 2*i. Let a be k(1). Suppose -32 = 10*t + a. Let o(q) = -2*q**3 - 15*q**2 + 9*q + 12. Determine o(t).
4
Let p(z) = 5 - 5 - 2 - z + 0 - 12. Let r(h) = -h**2 - h + 36. Let v be r(-6). What is p(v)?
-20
Let b(x) = -2*x - 4 + 0*x - 3 - 9*x - 2*x. What is b(3)?
-46
Let s(r) = 16163*r**2 - 8080*r**2 + 5 + 14*r - 8082*r**2. Calculate s(-8).
-43
Let s = 5467 + -5470. Let j(b) = 53*b + 165. Calculate j(s).
6
Let t(o) = 22798*o - 45601*o + 22808*o + 2. Give t(2).
12
Let p = -68 + 71. Let t(b) = -b + p*b**2 + 2 - 4 + 1. What is t(3)?
23
Let q(l) = -8*l + 37. Let t = -3711 - -3714. Give q(t).
13
Let p = -54 + 145. Let o = -40 + p. Let j(c) = c**2 + o - 108 - 7*c + 48. What is j(7)?
-9
Let l(b) be the first derivative of -b**2/2 - b - 1. Let m(n) = -n**3 + 4*n**2 + 7*n - 5. Let v be ((-16 - 6/(-1))*-1)/2. Let j be m(v). Determine l(j).
-6
Let n be -6 - 6/(17/(153/18)). Let g(a) = a**3 + 9*a**2 + a - 3. Calculate g(n).
-12
Suppose 2*y - 5*u - 2 - 1 = 0, -20 = -4*y - 4*u. Let j(z) = 3*z**2 + 3*z + 2. Let c be j(-1). Let k(l) = -3*l + l**c - 3 - 4 + 6. What is k(y)?
3
Let u(h) = -h**3 + 10*h**2 - h + 4. Let f be u(10). Let m be ((-4)/f)/(2/15) - -2. Suppose 38 = 5*q - m. Let y(r) = -2*r + 12. Determine y(q).
-6
Let x be 4 + 0 - (13 + 0). Let i(q) = 86*q - 8 - 28*q - 31*q - 4 - 30*q. Give i(x).
15
Let c be (-51)/(-15) + (-4)/10. Let a(o) = c*o + 2*o + 0*o - 3*o. Let k be (-22)/66 - 5/15*-7. Determine a(k).
4
Let d(f) = -f**3 - 3*f**2 - 5*f. Let v be (9 + 345/(-46))/(9/(-12)). Calculate d(v).
6
Suppose -8 = -2*c + c. Let x(a) = 6 + 4 + 13*a - 16*a - 2 - a**2 - c*a. Give x(-6).
38
Let x(y) be the third derivative of -y**4/4 - 2*y**3/3 - y**2 - 11. What is x(10)?
-64
Suppose 3*i - 29 = -5*y, -4*y = -9*y - 2*i + 31. Let j(z) = -7*z - y*z - 13 - 2*z + 5*z + 12*z. What is j(8)?
-5
Let w(m) be the first derivative of 5*m**3/3 + 75*m**2 - 2*m - 9251. What is w(-30)?
-2
Let q(t) = 2*t. Let v(b) = 21*b - 18. Let n(r) = -10*q(r) + v(r). Calculate n(6).
-12
Let c(f) = 5*f + 1571204 + 3*f**2 - 1571194 - 52*f. Give c(16).
26
Let a(n) = 82 + 76 - 43 + 53 - 33*n**2 + 4*n + 32*n**2. Calculate a(15).
3
Let d(a) = 7*a**3 + 12*a**2 - 4*a + 10. Let w(m) = 73*m**3 + 122*m**2 - 42*m + 102. Let y(k) = 21*d(k) - 2*w(k). Let n be (-84)/10 - (-4)/10. Give y(n).
6
Let u(v) = -5*v**3 + 28*v**2 - 5*v - 26. Let t(x) = -x**3 + 3*x**2 - 5*x - 4. Let n(y) = -6*t(y) + u(y). Give n(-4).
-6
Suppose -282 = 6*j - 12*j. Suppose -j = -k - 33. Suppose -32 = -6*i + k*i. Let v(q) = -q**3 - 5*q**2 - 6*q - 4. Give v(i).
4
Let h = -596 - -599. Suppose 7 = -2*d - h*a, 10 = -d + 2*a - 4. Let q(v) be the third derivative of v**4/24 + 5*v**3/6 - v**2. Give q(d).
-3
Let s(z) = 1 + 4*z - 2*z + 7*z. Let h be (-5)/10*-1*-2. What is s(h)?
-8
Let b = 3 + 0. Let g be 170/8 - (b - 22/8). Suppose -2*c + g = 11. Let v(r) = -r - 5. Calculate v(c).
-10
Let w(v) be the first derivative of -v**2/2 - 7*v - 3. Let b(s) = -s**2 + 27*s + 227. Let p be b(34). Calculate w(p).
4
Let l = 459 + -439. Suppose 0 = -a - l + 15. Let w(v) = v**3 + 6*v**2 + 5*v - 1. Determine w(a).
-1
Let g(l) = -l - 4. Let p be ((-2)/6)/((-8)/(-144)). Let b be 0 + (-3 - p/3). Let r(j) = 10*j. Let q be r(b). Give g(q).
6
Suppose 6*r - 810 = -0. Let g = -130 + r. Let p(n) = n**3 - 4*n**2 - 5*n - 6. Determine p(g).
-6
Suppose 19*k = -3*k - 770. Let q = k - -46. Let l(r) = r - 56 + 46 - q*r - r**2. What is l(-8)?
6
Let r(j) = -11*j**3 - 7*j**2 + 5*j - 1. Let p(z) = -1 + 12*z**2 - 6*z + 2*z**3 - 4*z**2 + 8*z**3 + 2. Let u(m) = -6*p(m) - 7*r(m). Calculate u(-1).
-16
Let r(b) = -2*b**2 + 233*b - 2955. Let l be r(102). Suppose -4*n = -2 - 6. Let k(u) = 4*u**n + u**2 - u**3 - 3*u - 2 + 0*u**2. Calculate k(l).
7
Let q = -155 - -158. Let r(p) = -2*p + 7*p**2 + p + 0*p - q*p**2 + p**3 + 2. Calculate r(-3).
14
Let p(j) = -5*j**2 + 9*j - 10. Suppose -17*